of z?
8
Let z = 14 - 17. Let n(w) be the third derivative of -3*w**4/8 - w**3/2 - w**2. What is the tens digit of n(z)?
2
Let h(m) = -m + 7. Suppose o + 3*v + 1 = 0, 2*o - v - 5 = -0. Suppose -3*r + 45 = 5*w, -r + 13 = 3*w - o*r. What is the units digit of h(w)?
1
Let g = -394 - -1605. What is the hundreds digit of g?
2
Let i be (-244)/(-1)*(-4)/(-8). Let k = i + -174. Let s = 84 + k. What is the units digit of s?
2
Let x be ((-8)/12)/((-2)/9). Suppose -4 = -3*q + 2. What is the units digit of x/(5/q - 1)?
2
Suppose -q - 16 = -5*x, 0 = -5*q + 8*x - 4*x - 17. What is the tens digit of ((-286)/55)/(q/30)?
5
Let t be 6/2 - (-1 + -25). Let g = t - 41. What is the tens digit of 63*1 + g/(-3)?
6
Let f(n) = 686*n - 14. What is the units digit of f(1)?
2
Let t be (3*-1)/((-1)/(20/6)). Suppose -5*s = f + 16 + 3, 0 = -3*s - f - 11. What is the tens digit of (s/t)/(3/(-120))?
1
Let k(b) = -2*b - 20. Let x be k(-11). Let y = 4 + -2. Suppose x*n - y = -0. What is the units digit of n?
1
Suppose -3*h - c = -7*h - 14, -c + 11 = -3*h. Let o be (4/h)/(10/(-15)). Suppose -3*j - o*b = -14, 2 = 2*j + 2*b - 8. What is the units digit of j?
4
Let n(v) = v**2 - 8*v + 3. Let k be n(7). Let l = k - -8. Suppose 2*p = 5*r - 42, -l*r + 56 = -p + 5*p. What is the units digit of r?
0
Suppose -2*h = h + 4*l - 102, -5*h + 170 = 5*l. Let c = 65 - h. What is the tens digit of c?
3
Suppose o = 5*q - 8, q + 4 = 8. Let m = 3 - 4. What is the units digit of (-16)/o*(-4 - m)?
4
Suppose 0 = v + 2, -3*v = -4*a - 0*v - 58. What is the tens digit of (-52)/(a/4) - 1?
1
Let g = 539 + -109. What is the tens digit of g?
3
Suppose 0 = -2*w + 2*z + 27 + 45, 4*z - 8 = 0. Let y = 26 - w. Let x = y - -20. What is the units digit of x?
8
Suppose -6*m + 10*m - 52 = 0. Suppose -m - 89 = -3*p. What is the units digit of p?
4
Let k(v) = -9*v - 3*v - 25 - 7*v - 1. What is the tens digit of k(-6)?
8
What is the units digit of (1470/9)/(-7)*-21?
0
What is the hundreds digit of (-2418)/(5 - -1)*-4?
6
Suppose -4 = -5*y + 1. Suppose -5*i - y = -3*o - 0*i, -2*o + 5 = i. Suppose -1 = -o*k + 9. What is the units digit of k?
5
What is the hundreds digit of -6 + 10 + -6 + 345?
3
Let f(d) = 117*d - 7. Let s = -3 + 4. What is the hundreds digit of f(s)?
1
Let f = 22 - 4. Suppose 0*r - f = -2*r. Let y = r + 1. What is the tens digit of y?
1
Suppose -2*z = -2, 5*d - 592 = -z + 2999. Let g = -379 + d. What is the hundreds digit of g?
3
Suppose -11*j + 785 = -1250. Suppose 8*d - 1065 + j = 0. What is the hundreds digit of d?
1
Suppose 0 = q - 3*w - 1561, q + 22*w - 18*w - 1540 = 0. What is the tens digit of q?
5
Suppose 6*z - 794 = -206. What is the units digit of z?
8
Suppose 9*c + 3965 - 17834 = 0. What is the units digit of c?
1
Suppose -75*c + 74*c + 4 = 0. Suppose -c*y + 2520 = 6*y. What is the units digit of y?
2
Let b be 15/25 - 1311/(-15). What is the units digit of b/6 + (-30)/45?
4
Let x be -96*(-112)/6 + -1 + 0. Suppose 12*p - x = 405. What is the hundreds digit of p?
1
Suppose 8*g - 24*g = -32. Suppose -v - 515 = -g*i, -i = -3*i + 2*v + 516. What is the hundreds digit of i?
2
What is the tens digit of 1*4/34 + (-1177088)/(-1088)?
8
Suppose s + 11 = 19. Suppose -s + 18 = -2*m. Let h = m - -11. What is the units digit of h?
6
Let o(g) = -g**3 - g**2 - 6*g - 3. Let a(l) = l**3 + 7*l + 3. Let f(k) = -4*a(k) - 5*o(k). Let w be f(-2). Suppose w*m - 45 = 6*m. What is the units digit of m?
9
Suppose 2943 = -22*i + 12535. What is the hundreds digit of i?
4
Suppose 0 = 3*c - 28 + 22. Suppose -u - 32 = -c*s + 63, -4*s + 178 = 2*u. What is the tens digit of s?
4
Let w(g) = -3*g**3 - 28*g**2 + 19*g + 55. What is the tens digit of w(-12)?
7
Suppose 2*g - 8150 = -3*u, -4*u = -7*u - 5*g + 8135. What is the units digit of u?
0
Suppose 11*q - 15*q + 16 = 0. Suppose 0*u + 4*w = 2*u - 162, q*u - 376 = -5*w. What is the tens digit of u?
8
Suppose -57*p + 54*p = -984. What is the tens digit of p?
2
Let w = 72 - 43. Suppose -2*a + c + 86 = -w, a - 62 = -4*c. What is the units digit of a?
8
Suppose 0*n - 30 = -5*n. Suppose -7 = -n*j + 65. What is the units digit of j?
2
Let u(c) = -c**3 - 8*c**2 - 8*c - 3. Let d be u(-7). Suppose -2*a - 2*w = -82, -d*w - 66 = -a - 0*w. What is the units digit of (6 - 5)/(2/a)?
3
Let p(y) = 4*y**2 + 3*y + 9. Let w(m) = -m**3 - 7*m**2 + 18*m + 7. Let t be w(-9). What is the units digit of p(t)?
6
Let l = -280 + 962. What is the units digit of l?
2
Let a(y) = 23*y**2 + 17*y - 8. What is the hundreds digit of a(-10)?
1
Let h be (-1)/(1*(-1)/18). What is the tens digit of h/(-27)*(-78)/4?
1
Let t(y) = -608*y + 53. What is the thousands digit of t(-2)?
1
Let b be (-16)/6 + 2 + (-830)/6. Let m = 365 + b. What is the tens digit of m?
2
Let h = -23 + 21. Let l be 168/(3/1) + h. Let j = l + -7. What is the tens digit of j?
4
Suppose 3*b + 9 = -9. Let j = b - -10. What is the units digit of j?
4
Let c be (931/21)/(3/18). Suppose -c = 25*b - 27*b. What is the tens digit of b?
3
Suppose 5*f - 8 = 3*x, 2*x - 3 + 4 = -f. Let g = 4 - 0. Suppose -g = -k - f. What is the units digit of k?
3
Let s = 2806 + -1461. What is the tens digit of s?
4
Let z(i) = -15*i + 49. Let u be z(-9). Suppose 0 = -2*j + u + 86. What is the units digit of j?
5
Let j(o) = -12*o - 3. Let u(m) = -m. Let i(f) = -j(f) - 3*u(f). Let x(v) = v + 10. Let d be x(-7). What is the tens digit of i(d)?
4
Let p be -8 - 10*1/2. Let l(j) = -3*j**3 - 3*j**2 - 3*j - 1. Let x be l(-2). Let v = x + p. What is the units digit of v?
4
Let t(m) = -m**2 + 8*m. Let j be t(10). Let r be (-3)/(-5) - (-12)/j. Suppose -2*g - 5*p + 56 = 0, r = -0*g + 4*g - 3*p - 86. What is the units digit of g?
3
Let v = 12 - 12. Let a(d) = d**3 + d + 50. What is the tens digit of a(v)?
5
Suppose -5*k = -4*k + 5. Let x = 9 + k. What is the units digit of x/14 - 75/(-7)?
1
What is the units digit of (-3888)/(-16) + 12/(-3)?
9
Suppose 0 = -9*z - z + 90. Suppose 4*t - z = 2*b + 231, -4*t = -4*b - 244. What is the tens digit of t?
5
Let d = 1254 + -738. What is the hundreds digit of d?
5
Suppose -2*d = d + 9. Let p(t) = -7*t**3 - 8*t**2 - t + 3. Let y(g) = g**3 + g**2 + g. Let f(u) = -p(u) - 6*y(u). What is the units digit of f(d)?
3
Let h(t) = 5*t**2 - 2*t + 6. Let f be h(3). What is the tens digit of (2 - f/(-6))*6?
5
Let w(l) = 24 - 7*l + 14*l - 8*l. Let o be w(0). What is the tens digit of (-8*1)/(-2) + o?
2
Let f be (-484)/6*(165/(-10))/11. Let b = -45 + f. What is the tens digit of b?
7
Suppose 4 = -m + o, o = 3*m - o + 17. What is the tens digit of -1*74*(1 + m/6)?
3
Suppose -4 - 2 = -3*l. Suppose 0 = -l*s + 4*s - 6, s + 249 = 3*q. What is the tens digit of q?
8
Let s be 3 + 2 + (0 - -331). Suppose 0 = -5*z + z + s. Suppose -5*g - 14 = -z. What is the units digit of g?
4
Let k be (18/12)/(1/2). Suppose -3*n = -2*i + 65, k*i + 2*i = 3*n + 140. What is the units digit of i?
5
Let h(c) = 87*c**2 + 13*c - 51. What is the thousands digit of h(5)?
2
Let p = -54 + 141. Let b = 11 + p. What is the tens digit of b?
9
Let q = 58 + -47. Suppose 2*h = 2*t + 176, -3*t - q - 166 = -2*h. What is the tens digit of h?
8
Let c = -326 + 447. What is the tens digit of c?
2
Let d = -1678 - -4144. What is the thousands digit of d?
2
Suppose c + 22 = 3. Let o = -104 + 93. Let g = o - c. What is the units digit of g?
8
Let h(k) = -k**3 + 8*k**2 - 9*k + 9. Let o be h(6). Let s = 59 + o. What is the tens digit of s?
8
Suppose 4*x + t - 1355 = 0, -x + 521 = 2*t + 184. What is the tens digit of x?
3
Suppose -32*y - 18*y + 1250 = 0. What is the tens digit of y?
2
Let f be (-18 + 22)*(-34)/(-8). Suppose 412 = 21*i - f*i. What is the units digit of i?
3
Let w(l) be the first derivative of 11*l**2/2 + 39*l + 24. What is the hundreds digit of w(13)?
1
Let v be 2 - 6*(-4 + 2). Let q(k) = -5 + 8 + k + v. What is the units digit of q(-10)?
7
Let g = -166 + 841. What is the units digit of g?
5
Suppose 4*t + 4*d = 24, -3*t = -6*t - d + 8. Suppose h - 5 + t = 0. Suppose 0 = h*s - 2*p - 0*p - 44, 5*s + 4*p - 42 = 0. What is the units digit of s?
0
Let h = -26 - -26. Suppose 4*k + 11 + 45 = h. Let n = k - -29. What is the units digit of n?
5
Suppose 2347 = -d + 4*d - 2*g, -5*d = -5*g - 3920. What is the units digit of d?
9
Let l = 60 + -38. Suppose -2*n + l + 4 = 0. What is the units digit of n?
3
Suppose 2*s = 